{"id":84,"date":"2022-01-13T08:50:15","date_gmt":"2022-01-13T08:50:15","guid":{"rendered":"https:\/\/startersites.io\/blocksy\/floreo\/?post_type=product&#038;p=84"},"modified":"2026-03-26T15:49:31","modified_gmt":"2026-03-26T14:49:31","slug":"augue-neque","status":"publish","type":"product","link":"https:\/\/mossio.sk\/index.php\/produkt\/augue-neque\/","title":{"rendered":"Nature Circle"},"content":{"rendered":"","protected":false},"excerpt":{"rendered":"<p data-start=\"502\" data-end=\"764\">Vneste do svojho interi\u00e9ru k\u00fasok pr\u00edrody s jedine\u010dn\u00fdm machov\u00fdm obrazom <strong data-start=\"573\" data-end=\"591\">Forest Harmony<\/strong>. T\u00e1to origin\u00e1lna n\u00e1stenn\u00e1 dekor\u00e1cia kombinuje stabilizovan\u00fd mach s autentick\u00fdm k\u00faskom pr\u00edrodn\u00e9ho dreva, \u010d\u00edm vytv\u00e1ra harmonick\u00fd a modern\u00fd dizajn pripom\u00ednaj\u00faci lesn\u00fa krajinu.<\/p>\n<p data-start=\"766\" data-end=\"1021\">Ka\u017ed\u00fd kus je <strong data-start=\"779\" data-end=\"806\">ru\u010dne vyr\u00e1ban\u00fd origin\u00e1l<\/strong>, tak\u017ee kresba dreva aj rozlo\u017eenie machu s\u00fa v\u017edy jedine\u010dn\u00e9. Mach je stabilizovan\u00fd \u0161peci\u00e1lnym procesom, v\u010faka ktor\u00e9mu si zachov\u00e1va svoj prirodzen\u00fd vzh\u013ead, farbu aj jemnos\u0165 bez potreby polievania alebo starostlivosti.<\/p>\n<p data-start=\"1023\" data-end=\"1163\">Kruhov\u00fd \u010dierny r\u00e1m dod\u00e1va obrazu elegantn\u00fd vzh\u013ead a rob\u00ed z neho v\u00fdrazn\u00fd dizajnov\u00fd prvok vhodn\u00fd do modern\u00fdch aj pr\u00edrodne laden\u00fdch interi\u00e9rov.<\/p>\n<ul>\n<li data-section-id=\"v7qane\" data-start=\"1197\" data-end=\"1239\">\n<p data-start=\"1199\" data-end=\"1239\"><strong data-start=\"1202\" data-end=\"1239\">100 % pr\u00edrodn\u00fd stabilizovan\u00fd mach<\/strong><\/p>\n<\/li>\n<li data-section-id=\"1b7u5g\" data-start=\"1240\" data-end=\"1269\">\n<p data-start=\"1242\" data-end=\"1269\"><strong data-start=\"1245\" data-end=\"1269\">prav\u00e9 pr\u00edrodn\u00e9 drevo<\/strong><\/p>\n<\/li>\n<li data-section-id=\"w1cmfk\" data-start=\"1270\" data-end=\"1315\">\n<p data-start=\"1272\" data-end=\"1315\"><strong data-start=\"1275\" data-end=\"1315\">ru\u010dn\u00e1 v\u00fdroba \u2013 ka\u017ed\u00fd kus je origin\u00e1l<\/strong><\/p>\n<\/li>\n<li data-section-id=\"10znoo9\" data-start=\"1316\" data-end=\"1364\">\n<p data-start=\"1318\" data-end=\"1364\"><strong data-start=\"1321\" data-end=\"1364\">bez potreby polievania a starostlivosti<\/strong><\/p>\n<\/li>\n<li data-section-id=\"17y74ln\" data-start=\"1365\" data-end=\"1427\">\n<p data-start=\"1367\" data-end=\"1427\">\u00a0vhodn\u00e9 do <strong data-start=\"1380\" data-end=\"1427\">ob\u00fdva\u010dky, kancel\u00e1rie, sp\u00e1lne alebo recepcie<\/strong><\/p>\n<\/li>\n<li data-section-id=\"qn8st5\" data-start=\"1428\" data-end=\"1459\">\n<p data-start=\"1430\" data-end=\"1459\">\u00a0modern\u00fd <strong data-start=\"1441\" data-end=\"1459\">kruhov\u00fd dizajn<\/strong><\/p>\n<h2 data-section-id=\"126c6s0\" data-start=\"1466\" data-end=\"1485\">Starostlivos\u0165<\/h2>\n<\/li>\n<li data-start=\"1489\" data-end=\"1501\">nepolieva\u0165<\/li>\n<li data-start=\"1504\" data-end=\"1533\">nevystavova\u0165 priamemu slnku<\/li>\n<li data-start=\"1536\" data-end=\"1574\">ide\u00e1lna vlhkos\u0165 miestnosti <strong data-start=\"1563\" data-end=\"1574\"><strong data-start=\"1563\" data-end=\"1574\">40\u201360 %<\/strong><\/strong><br \/>\n<h2 data-section-id=\"8fm02u\" data-start=\"1581\" data-end=\"1609\">Pre\u010do si ho zamilujete<\/h2>\n<p data-start=\"1611\" data-end=\"1726\">Machov\u00fd obraz prinesie do priestoru <strong data-start=\"1647\" data-end=\"1693\">pokoj, pr\u00edrodn\u00fa atmosf\u00e9ru a luxusn\u00fd dizajn<\/strong>, ktor\u00fd okam\u017eite up\u00fata pozornos\u0165.<\/p>\n<\/li>\n<\/ul>\n","protected":false},"featured_media":1242,"comment_status":"open","ping_status":"closed","template":"","meta":[],"product_brand":[],"product_cat":[20],"product_tag":[],"class_list":{"0":"post-84","1":"product","2":"type-product","3":"status-publish","4":"has-post-thumbnail","6":"product_cat-office-plants","8":"first","9":"onbackorder","10":"shipping-taxable","11":"purchasable","12":"product-type-simple"},"_links":{"self":[{"href":"https:\/\/mossio.sk\/index.php\/wp-json\/wp\/v2\/product\/84","targetHints":{"allow":["GET"]}}],"collection":[{"href":"https:\/\/mossio.sk\/index.php\/wp-json\/wp\/v2\/product"}],"about":[{"href":"https:\/\/mossio.sk\/index.php\/wp-json\/wp\/v2\/types\/product"}],"replies":[{"embeddable":true,"href":"https:\/\/mossio.sk\/index.php\/wp-json\/wp\/v2\/comments?post=84"}],"wp:featuredmedia":[{"embeddable":true,"href":"https:\/\/mossio.sk\/index.php\/wp-json\/wp\/v2\/media\/1242"}],"wp:attachment":[{"href":"https:\/\/mossio.sk\/index.php\/wp-json\/wp\/v2\/media?parent=84"}],"wp:term":[{"taxonomy":"product_brand","embeddable":true,"href":"https:\/\/mossio.sk\/index.php\/wp-json\/wp\/v2\/product_brand?post=84"},{"taxonomy":"product_cat","embeddable":true,"href":"https:\/\/mossio.sk\/index.php\/wp-json\/wp\/v2\/product_cat?post=84"},{"taxonomy":"product_tag","embeddable":true,"href":"https:\/\/mossio.sk\/index.php\/wp-json\/wp\/v2\/product_tag?post=84"}],"curies":[{"name":"wp","href":"https:\/\/api.w.org\/{rel}","templated":true}]}}