{"id":1725,"date":"2026-03-26T14:33:45","date_gmt":"2026-03-26T13:33:45","guid":{"rendered":"https:\/\/mossio.sk\/?post_type=product&#038;p=1725"},"modified":"2026-03-26T14:33:49","modified_gmt":"2026-03-26T13:33:49","slug":"lesne-jazero","status":"publish","type":"product","link":"https:\/\/mossio.sk\/index.php\/produkt\/lesne-jazero\/","title":{"rendered":"Lesn\u00e9 jazero"},"content":{"rendered":"","protected":false},"excerpt":{"rendered":"<p data-start=\"129\" data-end=\"356\">Origin\u00e1lny ru\u010dne vyr\u00e1ban\u00fd obraz in\u0161pirovan\u00fd pr\u00edrodou, ktor\u00fd zachyt\u00e1va pokoj lesn\u00e9ho jazera obklopen\u00e9ho zele\u0148ou. Kombin\u00e1cia stabilizovan\u00e9ho machu, pr\u00edrodn\u00e9ho dreva a epoxidovej \u017eivice vytv\u00e1ra realistick\u00fd 3D efekt vody a krajiny.<\/p>\n<p data-start=\"358\" data-end=\"428\">Ka\u017ed\u00fd kus je jedine\u010dn\u00fd \u2013 tvar jazera aj rozlo\u017eenie machu sa v\u017edy l\u00ed\u0161i<\/p>\n<h2 data-section-id=\"z43ofe\" data-start=\"840\" data-end=\"856\">Vlastnosti<\/h2>\n<ul data-start=\"857\" data-end=\"1022\">\n<li data-section-id=\"x84qb9\" data-start=\"857\" data-end=\"876\">100 % bez\u00fadr\u017ebov\u00fd<\/li>\n<li data-section-id=\"1heh4s1\" data-start=\"877\" data-end=\"919\">v\u00fdrazn\u00fd 3D efekt (mach + \u017eivica + drevo)<\/li>\n<li data-section-id=\"13irnxn\" data-start=\"920\" data-end=\"945\">luxusn\u00fd pr\u00edrodn\u00fd dizajn<\/li>\n<li data-section-id=\"1rugd4h\" data-start=\"946\" data-end=\"966\">ka\u017ed\u00fd kus origin\u00e1l<\/li>\n<li data-section-id=\"1s7ufex\" data-start=\"967\" data-end=\"1022\">vhodn\u00fd do ob\u00fdva\u010dky, kancel\u00e1rie, apartm\u00e1nov aj hotelov<\/li>\n<\/ul>\n<p data-start=\"358\" data-end=\"428\">.<\/p>\n","protected":false},"featured_media":1726,"comment_status":"open","ping_status":"closed","template":"","meta":[],"product_brand":[],"product_cat":[15],"product_tag":[],"class_list":{"0":"post-1725","1":"product","2":"type-product","3":"status-publish","4":"has-post-thumbnail","6":"product_cat-nezaradene","8":"first","9":"onbackorder","10":"sale","11":"shipping-taxable","12":"purchasable","13":"product-type-simple"},"_links":{"self":[{"href":"https:\/\/mossio.sk\/index.php\/wp-json\/wp\/v2\/product\/1725","targetHints":{"allow":["GET"]}}],"collection":[{"href":"https:\/\/mossio.sk\/index.php\/wp-json\/wp\/v2\/product"}],"about":[{"href":"https:\/\/mossio.sk\/index.php\/wp-json\/wp\/v2\/types\/product"}],"replies":[{"embeddable":true,"href":"https:\/\/mossio.sk\/index.php\/wp-json\/wp\/v2\/comments?post=1725"}],"wp:featuredmedia":[{"embeddable":true,"href":"https:\/\/mossio.sk\/index.php\/wp-json\/wp\/v2\/media\/1726"}],"wp:attachment":[{"href":"https:\/\/mossio.sk\/index.php\/wp-json\/wp\/v2\/media?parent=1725"}],"wp:term":[{"taxonomy":"product_brand","embeddable":true,"href":"https:\/\/mossio.sk\/index.php\/wp-json\/wp\/v2\/product_brand?post=1725"},{"taxonomy":"product_cat","embeddable":true,"href":"https:\/\/mossio.sk\/index.php\/wp-json\/wp\/v2\/product_cat?post=1725"},{"taxonomy":"product_tag","embeddable":true,"href":"https:\/\/mossio.sk\/index.php\/wp-json\/wp\/v2\/product_tag?post=1725"}],"curies":[{"name":"wp","href":"https:\/\/api.w.org\/{rel}","templated":true}]}}