{"id":1721,"date":"2026-03-26T14:12:23","date_gmt":"2026-03-26T13:12:23","guid":{"rendered":"https:\/\/mossio.sk\/?post_type=product&#038;p=1721"},"modified":"2026-03-26T14:13:42","modified_gmt":"2026-03-26T13:13:42","slug":"prirodna-stena-v-rame","status":"publish","type":"product","link":"https:\/\/mossio.sk\/index.php\/produkt\/prirodna-stena-v-rame\/","title":{"rendered":"Pr\u00edrodn\u00e1 stena v r\u00e1me"},"content":{"rendered":"","protected":false},"excerpt":{"rendered":"<p data-start=\"139\" data-end=\"347\">Elegantn\u00fd ru\u010dne vyr\u00e1ban\u00fd machov\u00fd obraz, ktor\u00fd prin\u00e1\u0161a autentick\u00fd pr\u00edrodn\u00fd vzh\u013ead do ka\u017ed\u00e9ho interi\u00e9ru. Kombin\u00e1cia r\u00f4znych druhov stabilizovan\u00e9ho machu vytv\u00e1ra 3D efekt a p\u00f4sob\u00ed moderne, luxusne a upokojuj\u00faco.<\/p>\n<p data-start=\"349\" data-end=\"429\">Ka\u017ed\u00fd kus je origin\u00e1l \u2013 rozlo\u017eenie machu sa jemne l\u00ed\u0161i, \u010do zaru\u010duje jedine\u010dnos\u0165.<\/p>\n<h2 data-section-id=\"z43ofe\" data-start=\"862\" data-end=\"878\">Vlastnosti<\/h2>\n<ul data-start=\"879\" data-end=\"1097\">\n<li data-section-id=\"1of9jvw\" data-start=\"879\" data-end=\"898\">\u00faplne bez\u00fadr\u017ebov\u00fd<\/li>\n<li data-section-id=\"1gwl7ye\" data-start=\"899\" data-end=\"945\">vhodn\u00fd do modern\u00fdch aj pr\u00edrodn\u00fdch interi\u00e9rov<\/li>\n<li data-section-id=\"zkcpj9\" data-start=\"946\" data-end=\"983\">pom\u00e1ha tlmi\u0165 zvuk (akustick\u00fd efekt)<\/li>\n<li data-section-id=\"1e6sbww\" data-start=\"984\" data-end=\"1041\">ide\u00e1lny do ob\u00fdva\u010dky, kancel\u00e1rie, recepcie alebo hotelov<\/li>\n<li data-section-id=\"9hvasp\" data-start=\"1042\" data-end=\"1097\">dlh\u00e1 \u017eivotnos\u0165 (5\u201310 rokov pri spr\u00e1vnych podmienkach)<\/li>\n<\/ul>\n<h2 data-section-id=\"e7i5x8\" data-start=\"1104\" data-end=\"1123\">Starostlivos\u0165<\/h2>\n<ul data-start=\"1124\" data-end=\"1193\">\n<li data-section-id=\"84wjqm\" data-start=\"1124\" data-end=\"1136\">nepolieva\u0165<\/li>\n<li data-section-id=\"1rskb3o\" data-start=\"1137\" data-end=\"1166\">nevystavova\u0165 priamemu slnku<\/li>\n<li data-section-id=\"8zd3vw\" data-start=\"1167\" data-end=\"1193\">ide\u00e1lna vlhkos\u0165: 40\u201360 %<\/li>\n<\/ul>\n","protected":false},"featured_media":1722,"comment_status":"open","ping_status":"closed","template":"","meta":[],"product_brand":[],"product_cat":[15],"product_tag":[],"class_list":{"0":"post-1721","1":"product","2":"type-product","3":"status-publish","4":"has-post-thumbnail","6":"product_cat-nezaradene","8":"first","9":"onbackorder","10":"shipping-taxable","11":"purchasable","12":"product-type-simple"},"_links":{"self":[{"href":"https:\/\/mossio.sk\/index.php\/wp-json\/wp\/v2\/product\/1721","targetHints":{"allow":["GET"]}}],"collection":[{"href":"https:\/\/mossio.sk\/index.php\/wp-json\/wp\/v2\/product"}],"about":[{"href":"https:\/\/mossio.sk\/index.php\/wp-json\/wp\/v2\/types\/product"}],"replies":[{"embeddable":true,"href":"https:\/\/mossio.sk\/index.php\/wp-json\/wp\/v2\/comments?post=1721"}],"wp:featuredmedia":[{"embeddable":true,"href":"https:\/\/mossio.sk\/index.php\/wp-json\/wp\/v2\/media\/1722"}],"wp:attachment":[{"href":"https:\/\/mossio.sk\/index.php\/wp-json\/wp\/v2\/media?parent=1721"}],"wp:term":[{"taxonomy":"product_brand","embeddable":true,"href":"https:\/\/mossio.sk\/index.php\/wp-json\/wp\/v2\/product_brand?post=1721"},{"taxonomy":"product_cat","embeddable":true,"href":"https:\/\/mossio.sk\/index.php\/wp-json\/wp\/v2\/product_cat?post=1721"},{"taxonomy":"product_tag","embeddable":true,"href":"https:\/\/mossio.sk\/index.php\/wp-json\/wp\/v2\/product_tag?post=1721"}],"curies":[{"name":"wp","href":"https:\/\/api.w.org\/{rel}","templated":true}]}}