{"id":1310,"date":"2026-03-14T00:04:16","date_gmt":"2026-03-13T23:04:16","guid":{"rendered":"https:\/\/mossio.sk\/?post_type=product&#038;p=1310"},"modified":"2026-03-14T00:08:34","modified_gmt":"2026-03-13T23:08:34","slug":"nordic-moss-wood-clock","status":"publish","type":"product","link":"https:\/\/mossio.sk\/index.php\/produkt\/nordic-moss-wood-clock\/","title":{"rendered":"Nordic Moss Wood Clock"},"content":{"rendered":"","protected":false},"excerpt":{"rendered":"<h3 data-section-id=\"12han2f\" data-start=\"609\" data-end=\"682\">Nordic Clock \u2013 spojenie pr\u00edrody a modern\u00e9ho dizajnu<\/h3>\n<p data-start=\"684\" data-end=\"844\">Unik\u00e1tne n\u00e1stenn\u00e9 hodiny vyroben\u00e9 z mas\u00edvneho pr\u00edrodn\u00e9ho dreva a doplnen\u00e9 o stabilizovan\u00fd dekorat\u00edvny mach, ktor\u00fd prin\u00e1\u0161a do interi\u00e9ru k\u00fasok pr\u00edrody a harm\u00f3nie.<\/p>\n<p data-start=\"846\" data-end=\"1064\">Ka\u017ed\u00fd kus je ru\u010dne vyr\u00e1ban\u00fd a \u00faplne jedine\u010dn\u00fd. Prirodzen\u00e1 kresba dreva spolu so \u017eivou zelenou farbou machu vytv\u00e1ra n\u00e1dhern\u00fd kontrast, ktor\u00fd z t\u00fdchto hod\u00edn rob\u00ed nielen praktick\u00fd doplnok, ale aj dizajnov\u00fd prvok na stene.<\/p>\n<p data-start=\"1066\" data-end=\"1206\">Minimalistick\u00fd kovov\u00fd r\u00e1m a modern\u00e9 indexy dod\u00e1vaj\u00fa hodin\u00e1m elegantn\u00fd vzh\u013ead vhodn\u00fd do modern\u00fdch, \u0161kandin\u00e1vskych aj rustik\u00e1lnych interi\u00e9rov.<\/p>\n<p data-start=\"1208\" data-end=\"1334\">Stabilizovan\u00fd mach je \u00faplne bez\u00fadr\u017ebov\u00fd \u2013 nepotrebuje vodu ani slne\u010dn\u00e9 svetlo a svoju prirodzen\u00fa farbu si zachov\u00e1va dlh\u00e9 roky.<\/p>\n<p data-start=\"1336\" data-end=\"1371\">Tieto hodiny sa perfektne hodia do:<\/p>\n<ul data-start=\"1373\" data-end=\"1475\">\n<li data-section-id=\"1sa0rtc\" data-start=\"1373\" data-end=\"1385\">\n<p data-start=\"1375\" data-end=\"1385\">ob\u00fdva\u010dky<\/p>\n<\/li>\n<li data-section-id=\"ds5gj7\" data-start=\"1386\" data-end=\"1396\">\n<p data-start=\"1388\" data-end=\"1396\">chodby<\/p>\n<\/li>\n<li data-section-id=\"bz5qyh\" data-start=\"1397\" data-end=\"1411\">\n<p data-start=\"1399\" data-end=\"1411\">kancel\u00e1rie<\/p>\n<\/li>\n<li data-section-id=\"1beakka\" data-start=\"1412\" data-end=\"1435\">\n<p data-start=\"1414\" data-end=\"1435\">modern\u00e9ho interi\u00e9ru<\/p>\n<\/li>\n<li data-section-id=\"4vzywx\" data-start=\"1436\" data-end=\"1475\">\n<p data-start=\"1438\" data-end=\"1475\">pr\u00edrodn\u00e9ho alebo \u0161kandin\u00e1vskeho \u0161t\u00fdlu<\/p>\n<\/li>\n<\/ul>\n<p data-start=\"1477\" data-end=\"1544\">S\u00fa ide\u00e1lnym dar\u010dekom pre milovn\u00edkov pr\u00edrody a origin\u00e1lneho dizajnu.<\/p>\n<h1 data-section-id=\"a9aiwz\" data-start=\"1850\" data-end=\"1865\">Vlastnosti<\/h1>\n<ul>\n<li data-start=\"1867\" data-end=\"1995\">\u00a0ru\u010dn\u00e1 v\u00fdroba<\/li>\n<li data-start=\"1867\" data-end=\"1995\">\u00a0ka\u017ed\u00fd kus je origin\u00e1l<\/li>\n<li data-start=\"1867\" data-end=\"1995\">\u00a0bez\u00fadr\u017ebov\u00fd mach<\/li>\n<li data-start=\"1867\" data-end=\"1995\">\u00a0tich\u00fd mechanizmus<\/li>\n<li data-start=\"1867\" data-end=\"1995\">\u00a0modern\u00fd pr\u00edrodn\u00fd dizajn<\/li>\n<\/ul>\n","protected":false},"featured_media":1311,"comment_status":"open","ping_status":"closed","template":"","meta":[],"product_brand":[],"product_cat":[15],"product_tag":[],"class_list":{"0":"post-1310","1":"product","2":"type-product","3":"status-publish","4":"has-post-thumbnail","6":"product_cat-nezaradene","8":"first","9":"onbackorder","10":"shipping-taxable","11":"purchasable","12":"product-type-simple"},"_links":{"self":[{"href":"https:\/\/mossio.sk\/index.php\/wp-json\/wp\/v2\/product\/1310","targetHints":{"allow":["GET"]}}],"collection":[{"href":"https:\/\/mossio.sk\/index.php\/wp-json\/wp\/v2\/product"}],"about":[{"href":"https:\/\/mossio.sk\/index.php\/wp-json\/wp\/v2\/types\/product"}],"replies":[{"embeddable":true,"href":"https:\/\/mossio.sk\/index.php\/wp-json\/wp\/v2\/comments?post=1310"}],"wp:featuredmedia":[{"embeddable":true,"href":"https:\/\/mossio.sk\/index.php\/wp-json\/wp\/v2\/media\/1311"}],"wp:attachment":[{"href":"https:\/\/mossio.sk\/index.php\/wp-json\/wp\/v2\/media?parent=1310"}],"wp:term":[{"taxonomy":"product_brand","embeddable":true,"href":"https:\/\/mossio.sk\/index.php\/wp-json\/wp\/v2\/product_brand?post=1310"},{"taxonomy":"product_cat","embeddable":true,"href":"https:\/\/mossio.sk\/index.php\/wp-json\/wp\/v2\/product_cat?post=1310"},{"taxonomy":"product_tag","embeddable":true,"href":"https:\/\/mossio.sk\/index.php\/wp-json\/wp\/v2\/product_tag?post=1310"}],"curies":[{"name":"wp","href":"https:\/\/api.w.org\/{rel}","templated":true}]}}