{"id":1307,"date":"2026-03-13T23:40:57","date_gmt":"2026-03-13T22:40:57","guid":{"rendered":"https:\/\/mossio.sk\/?post_type=product&#038;p=1307"},"modified":"2026-03-13T23:41:22","modified_gmt":"2026-03-13T22:41:22","slug":"woodland-moss-clock","status":"publish","type":"product","link":"https:\/\/mossio.sk\/index.php\/produkt\/woodland-moss-clock\/","title":{"rendered":"Woodland Moss Clock"},"content":{"rendered":"","protected":false},"excerpt":{"rendered":"<p data-start=\"643\" data-end=\"936\">Elegantn\u00e9 n\u00e1stenn\u00e9 hodiny vyroben\u00e9 z mas\u00edvneho pr\u00edrodn\u00e9ho dreva doplnen\u00e9 o stabilizovan\u00fd dekorat\u00edvny mach. Kombin\u00e1cia rustik\u00e1lnej text\u00fary dreva, modern\u00e9ho kovov\u00e9ho r\u00e1mu a klasick\u00fdch r\u00edmskych \u010d\u00edslic vytv\u00e1ra jedine\u010dn\u00fd dizajnov\u00fd prvok, ktor\u00fd dokonale zapadne do modern\u00e9ho aj pr\u00edrodn\u00e9ho interi\u00e9ru.<\/p>\n<p data-start=\"938\" data-end=\"1102\">Ka\u017ed\u00e9 hodiny s\u00fa ru\u010dne vyr\u00e1ban\u00e9, preto je ka\u017ed\u00fd kus origin\u00e1l. Prirodzen\u00e9 hrany dreva spolu s machom vytv\u00e1raj\u00fa harmonick\u00fd kontrast medzi pr\u00edrodou a modern\u00fdm dizajnom.<\/p>\n<p data-start=\"1104\" data-end=\"1229\">Stabilizovan\u00fd mach je \u00faplne bez\u00fadr\u017ebov\u00fd \u2013 nepotrebuje vodu ani slne\u010dn\u00e9 svetlo a dlhodobo si zachov\u00e1va svoju prirodzen\u00fa farbu.<\/p>\n<p data-start=\"1231\" data-end=\"1278\">Tieto dizajnov\u00e9 hodiny s\u00fa ide\u00e1lnym doplnkom do:<\/p>\n<ul data-start=\"1279\" data-end=\"1360\">\n<li data-section-id=\"1sa0rtc\" data-start=\"1279\" data-end=\"1291\">\n<p data-start=\"1281\" data-end=\"1291\">ob\u00fdva\u010dky<\/p>\n<\/li>\n<li data-section-id=\"ds5gj7\" data-start=\"1292\" data-end=\"1302\">\n<p data-start=\"1294\" data-end=\"1302\">chodby<\/p>\n<\/li>\n<li data-section-id=\"bz5qyh\" data-start=\"1303\" data-end=\"1317\">\n<p data-start=\"1305\" data-end=\"1317\">kancel\u00e1rie<\/p>\n<\/li>\n<\/ul>\n<p data-start=\"1320\" data-end=\"1360\">modern\u00e9ho alebo rustik\u00e1lneho interi\u00e9ru<\/p>\n<h1 data-section-id=\"a9aiwz\" data-start=\"1661\" data-end=\"1676\">Vlastnosti<\/h1>\n<ul>\n<li data-start=\"1678\" data-end=\"1803\">ru\u010dn\u00e1 v\u00fdroba<\/li>\n<li data-start=\"1678\" data-end=\"1803\">ka\u017ed\u00fd kus je origin\u00e1l<\/li>\n<li data-start=\"1678\" data-end=\"1803\">bez\u00fadr\u017ebov\u00fd mach<\/li>\n<li data-start=\"1678\" data-end=\"1803\">tich\u00fd stroj\u010dek (silent sweep)<\/li>\n<li data-start=\"1678\" data-end=\"1803\">modern\u00fd pr\u00edrodn\u00fd dizajn<\/li>\n<\/ul>\n","protected":false},"featured_media":1308,"comment_status":"open","ping_status":"closed","template":"","meta":[],"product_brand":[],"product_cat":[15],"product_tag":[],"class_list":{"0":"post-1307","1":"product","2":"type-product","3":"status-publish","4":"has-post-thumbnail","6":"product_cat-nezaradene","8":"first","9":"onbackorder","10":"shipping-taxable","11":"purchasable","12":"product-type-simple"},"_links":{"self":[{"href":"https:\/\/mossio.sk\/index.php\/wp-json\/wp\/v2\/product\/1307","targetHints":{"allow":["GET"]}}],"collection":[{"href":"https:\/\/mossio.sk\/index.php\/wp-json\/wp\/v2\/product"}],"about":[{"href":"https:\/\/mossio.sk\/index.php\/wp-json\/wp\/v2\/types\/product"}],"replies":[{"embeddable":true,"href":"https:\/\/mossio.sk\/index.php\/wp-json\/wp\/v2\/comments?post=1307"}],"wp:featuredmedia":[{"embeddable":true,"href":"https:\/\/mossio.sk\/index.php\/wp-json\/wp\/v2\/media\/1308"}],"wp:attachment":[{"href":"https:\/\/mossio.sk\/index.php\/wp-json\/wp\/v2\/media?parent=1307"}],"wp:term":[{"taxonomy":"product_brand","embeddable":true,"href":"https:\/\/mossio.sk\/index.php\/wp-json\/wp\/v2\/product_brand?post=1307"},{"taxonomy":"product_cat","embeddable":true,"href":"https:\/\/mossio.sk\/index.php\/wp-json\/wp\/v2\/product_cat?post=1307"},{"taxonomy":"product_tag","embeddable":true,"href":"https:\/\/mossio.sk\/index.php\/wp-json\/wp\/v2\/product_tag?post=1307"}],"curies":[{"name":"wp","href":"https:\/\/api.w.org\/{rel}","templated":true}]}}